1
Evaluate (6 - 23) + -26 + (2 - (0 + -22)).
-19
Evaluate -1141 - -1150 - (0 + 1 + 5 - 1).
4
Calculate 1 + -49 - (8 + -2 + (111 - -16) + -129).
-52
(-3 - -5) + 7 + (-10 + 19 - -29) + 14
61
What is 57 + -5 - (1 + 6 + (-9 - (-7 - -10)))?
57
Calculate (-44 - -40) + -31 + -49 + 3 + -1 + 4.
-78
Evaluate (22 + -11 - 59) + 48 - -104.
104
What is the value of -6 + ((5 - -75) + -15 - 3 - 12)?
44
Evaluate -20 + -12 + 16 - (-29 - -10).
3
What is the value of -21 + 28 + 19 + -74?
-48
What is the value of 115 + (134 - (33 - -204))?
12
What is -2 - (29 + -17 + 2 + 7)?
-23
Calculate -50 + -1 + (762 - 681).
30
Calculate (48 - (-32 + 49)) + -46.
-15
Calculate -3 + -30 - -92 - 6.
53
Evaluate -7 + (7 - (-20 - -12) - (25 + -7)).
-10
259 + -368 + (-6 + 0 - -4 - 5) + 8
-108
Calculate 207 - (-50 + 27 + 123).
107
What is (-11 - 0) + (8 + -16 + 28 - 5 - 83)?
-79
(107 + -35 - 13) + (4 + -5 - -3) + 1
62
-5 - -55 - (-51 - -85) - (-66 + -1)
83
Evaluate 115 + -130 + (65 - (-4 - -6)) + 5.
53
Evaluate 18 + -17 + (-24 - -22).
-1
Evaluate 10 - (-117 + 112 - (0 + -2 - (23 - -12))).
-22
What is the value of 5 + 65 - (-26 + 44 - 2) - -10?
64
(-274 - -71) + 64 - -84
-55
-29 + -1 + 7 - ((38 - 152) + -38)
129
What is -64 + (2 - 0) - (21 + 36 + (-52 - 14))?
-53
(3 - 11) + (-22 + -18 - -39)
-9
What is -42 + (0 + 5 - 20) - (-8 - (-4 - -3))?
-50
Calculate -27 + 83 + (35 - 36 - 38).
17
94 - (-56 + 162 - 112)
100
Evaluate 11 - (-7 - -29) - (16 - 11 - (0 + 72)).
56
What is 33 + (47 - 89) - (-1 + (-2 - 7))?
1
8 - (27 - (19 - (-1 + -13 + 30)))
-16
What is 0 + (0 - 1) + 120 + -59 + -63?
-3
Evaluate (-10 - 12 - 11) + 2 + 6 - -12.
-13
What is the value of (-10 - 79) + 37 + -13?
-65
0 - (44 + (-36 - 8))
0
-76 - -13 - -45 - -19
1
What is 63 + -31 + (-1 - -24) - 10?
45
What is the value of 26 + 28 + -20 - (-68 + 252)?
-150
159 + -76 + 12 + (19 - 24)
90
Evaluate (10 - (-5 + 10 - 0)) + (0 - 39).
-34
(143 + -145 - (3 - 0 - 3 - 1)) + 19
18
Calculate 47 - (-547 + 550 - (60 - -1)).
105
(40 + -50 - (0 + -2)) + (47 + 8 - -9)
56
What is 8 - (4 + 8 + 6 + -15) - -40?
45
(-10 - -10) + (2 - (22 - 7)) - -10
-3
Calculate 9 + 125 + 1407 + -1415.
126
Evaluate 97 - 57 - (3 - 11 - -17).
31
-7 - (-149 + (-32 - -96))
78
What is the value of (-3 - (-4 - 0) - -62) + (-3 + -53 - -65)?
72
0 + -1 - ((7 - 19) + 11 - 39)
39
What is (-109 - -264) + -144 + -83 + -1?
-73
What is the value of (-4 + 31 + -19 - (-7 + 0)) + -3?
12
What is 0 + -16 + -8 + 27?
3
Evaluate -2 + (-3 - (-9 + -3) - (-35 + 24)).
18
-11 + -25 + 32 - (1 + -5) - -18
18
What is -3 + 69 + -117 + (96 - 0)?
45
What is 7 + (2 - 9 - (-38 + 17)) + -8 + 1?
14
What is 12 + (-7 + 42 - -4) + -20?
31
Evaluate -1 + (20 - (76 + 7 + 22 + -3)).
-83
-2 + (-3 - -6) + 15 + (-69 - -6)
-47
Calculate (15 + 14 - 68) + 17.
-22
Evaluate -1 + -119 - (119 + -457 - -338).
-120
Calculate -48 - (38 + (12 - 75)).
-23
What is -4 + -15 + (-1 + 16 + -6 - 8)?
-18
Calculate (-81 - -10 - -89) + -40 + 0 - 39.
-61
What is the value of (-19 - 0) + (11 - (49 + -30))?
-27
Calculate 16 - 1 - -1 - (3109 + -3121).
28
What is -41 + (112 - 35) + 15?
51
Calculate -1 - -1 - -60 - (7 - -63 - 65 - 6).
61
Calculate 3 + -4 + 20 + 3 + 21.
43
What is 17 + 24 - (-54 - -177)?
-82
Evaluate 32 - (33 + -54 - -94).
-41
What is -21 + (287 - 317 - (17 + 2))?
-70
Calculate (-56 + 65 - (4 + -4 + 0)) + -40.
-31
What is 4 - (-39 - -35) - (-25 - -21 - (2 - 0))?
14
What is the value of -19 + -2 - (185 + -215 - (-37 - -2))?
-26
Evaluate 4550 + -4557 - (0 + -3 + 10).
-14
Evaluate -3005 + 3002 - (-137 - (-1 + 4 - 4)).
133
Calculate (-73 - (-98 + 33)) + 67.
59
7 - 9 - -4 - (12 - 60) - 4 - -8
54
Calculate (-78 - -125) + 4 + 10 + 22.
83
What is the value of 18 - (-75 + 82 - (0 - -7)) - 13?
5
Evaluate 11 + (53 - ((10 - (-4 + 6)) + -18)).
74
-51 - (-2 + -16 + (-2 - -18 - 8))
-41
What is the value of 39 + (48 - 29 - 8) - -11?
61
Evaluate (14 + 2 - ((4 - 23) + -1)) + 13.
49
What is 6 - (-18 + 56) - -7?
-25
Evaluate -76 + (15 + -22 - 9) + 15 + 24.
-53
What is the value of (6 + (10 - -8) - -12) + (8 - (-6 - -15))?
35
35 + (1 - -7) - (14 + 21 + -39)
47
Calculate -7 + (0 + 29 - -4) - (1 - (1 - -1)).
27
Evaluate -4 - (-13 + ((8 - 5) + 2 - (-18 - -12))).
-2
Evaluate 0 + 7 - (-15 - 27 - -1 - -59) - -85.
74
Evaluate -109 + (52 - 65) - -32.
-90
What is -28 + (144 - 51) + -54?
11
What is 61 + -84 + (12 - -2) + 21?
12
Evaluate -155 + 205 + -59 + 4.
-5
Evaluate (10 + (26 - 13) - 13) + -50.
-40
0 + -9 - (2 + -42 + 56 - (-1 - 42))
-68
What is the value of -1 + 9 + -2 - (14 - -32)?
-40
What is the value of 34 + -69 + (2 - (1 + 3 - -11))?
-48
What is the value of (62 - (19 - 34)) + 15 + (4 - (16 + 4))?
76
What is the value of -43 - (-1 - (-1 + 1)) - (-103 + -55 + 158)?
-42
What is -182 + 168 - (9 - 1)?
-22
What is 38 - (-22 - (-270 + 293 - (52 - -1)))?
30
What is the value of -24 - (24 + (33 - 25) - 26)?
-30
-1280 + 1377 - (-3 + 62)
38
-77 + (-1 - 12) + -1 + (-140 - -143) + 2
-86
What is 14 + (-16 - 43 - 0)?
-45
15 - 11 - 15 - ((-4 - -3 - -9) + -5)
-14
What is 59 + -5 + -14 + (-43 - -38)?
35
Evaluate 34 - (16 - (36 - 21)) - -15.
48
What is the value of 2 - (2 + (14 - 2) + 193 + -199)?
-6
What is the value of 3 + 4 + (-1 - -8) + (130 - 131)?
13
What is -2 + -1 + -38 + -37 + 139 + 20?
81
(50 - -7 - -28) + -44
41
48 - (94 + -72 + -48)
74
181 + -141 + (-8 - 26)
6
Evaluate -20 + -1 - (-1 + (-106 - (10 + -19))).
77
(-2 - (3 - 11)) + (17 + 2 - 11)
14
What is 8 + (-11 - -7 - (-18 + 3) - (76 + -27))?
-30
Evaluate (-49 - -138) + (-429 - -298).
-42
Evaluate (2 - (-16 + -11) - 22) + -24.
-17
Calculate -50 - 11 - (-356 + 226).
69
Calculate 3 - -19 - (0 - 8 - (-338 + 344)).
36
What is the value of 20 - (27 - ((34 - 29) + 11))?
9
What is the value of 1 + 3 + (-9 - 36) + -567 + 563?
-45
Evaluate (5 - -32) + -5 - (-350 + 325).
57
What is the value of -17 - (54 + -5 + (-11 - 4))?
-51
What is -9 - (3 + (-8 + -2 + 17 - 62) - 5)?
48
-5 - ((-31 - (16 + 12)) + 18)
36
-155 - (79 - 126) - (-18 + 1 - -2)
-93
(-8 + 14 - (1 + 96)) + -214 + 208
-97
What is -119 + 108 + (16 - -1 - 1) + -19?
-14
What is -2 - -23 - ((-11 - -20) + -12)?
24
What is the value of -1 + 0 + (-14 - -7 - -15) + 3 + -92?
-82
Calculate -6 + 2 - (-42 - -8) - 19.
11
Evaluate 28 + (-1 - (68 + -69)).
28
Evaluate 43 + (4 - (2 - (2 - (-14 - -1)) - -7)).
53
What is 7 - ((29 - 4) + -27 + 10 + 9) - -29?
19
Evaluate 4 - (71 + -47 - (-7 - 0)).
-27
What is the value of (106 - -4) + -1075 + 921?
-44
What is the value of (5 - -38 - -5) + -283 + 256?
21
What is the value of 3 - (-3 + 2) - (-9 + -40 + 25)?
28
What is 29 - (-25 + 1) - 6?
47
What is the value of 10 + (-9 - -1 - 1) + 56 + (-58 - -1)?
0
Calculate (7 - 56) + -9 + 29 + 2 + -5.
-32
What is 3 + 0 - -24 - (7 + -3 - 2)?
25
What is (30 + -20 - 19) + 34 - 15 - (-2 - -66)?
-54
Evaluate 7 + 1 - (70 + (46 - 108)) - -61.
61
What is the value of (-17 - (-12 - 4)) + (7 - 1) + 5 + 50?
60
What is (108 - -34) + -70 - 61?
11
Calculate (0 - 8) + (-54 - -120) - (-456 - -453).
61
Calculate -2591 + 2589 - (0 - -78).
-80
Calculate (-219 - (-19 + -118)) + 61.
-21
What is -1 + 71 + -13 + -12 + (21 - (-6 - -8))?
64
What is the value of (14 - 32) + (13 - (9 - -5) - 8) + 15?
-12
What is (4 - -10 - 15) + -7 - -33 - -15?
40
(-20 + 17 - 48) + -7 - (6 - -2)
-66
-1 + -7 - (-7 - (-11 + 7) - 85)
80
Evaluate -38 - (-141 + 193 + -7).
-83
-6 + 1 + 2 + (66 - (-5 + 116))
-48
Calculate (-3090 - -3061) + -30 + -1.
-60
What is the value of 41 + 66 + (-62 - -20)?
65
(-6 - (3 + (-7 - -5))) + (-7 - -14)
0
What is 15 - (-1 + 0) - (-191 + 143)?
64
-5 - (-4 + 5) - (-19 - 18)
31
Evaluate (122 - (16 + -7 + 11 + -12)) + -16.
98
Evaluate (5 + -10 - (2 - -1 - (110 - 98))) + -18.
-14
Evaluate 158 + (-68 - -151) + -172.
69
Evaluate (22 - 53) + (-11 - (-22 - -10)).
-30
Evaluate (-1 - (6 + 34)) + 6 - (3 + -7 + 8).
-39
What is -12 - ((-5 - 4) + 14 + 1 + 34)?
-52
What is -5026 + 5017 - (-3 - -1 - (1 - 12))?
-18
57 + (25 - (-11 + 67))
26
What is -37 + (1 - (34 + -38 + 20))?
-52
What is the value of 131 + -116 + -16 + -25 + -1?
-27
46 - (26 + -50 - -19)
51
What is -92 + 96 + -2 + 36 - (1 - (7 + -3))?
41
Calculate 6 + -3 + -130 + 140 + 61 + 2 + 0.
76
(-4 - -70) + -3 - ((-38 - -31) + 21)
49
Calculate -2 + 19 + -25 + 74 + -35.
31
25 + 21 + -29 + -1
16
Evaluate (131 - 29) + -72 - 21.
9
What is the value of 3 + (14 - (14 - (